{"id":41,"date":"2017-02-17T16:53:18","date_gmt":"2017-02-17T16:53:18","guid":{"rendered":"http:\/\/observatorios.uo.edu.cu\/calidad\/?page_id=41"},"modified":"2018-06-01T19:26:43","modified_gmt":"2018-06-01T19:26:43","slug":"quienes-somos","status":"publish","type":"page","link":"https:\/\/observatorios.uo.edu.cu\/calidad\/quienes-somos\/","title":{"rendered":"Qui\u00e9nes somos"},"content":{"rendered":"<p>Somos un grupo de docentes-investigadores que asesoramos desde el Departamento de Calidad la gesti\u00f3n de la calidad de los procesos universitarios, su evaluaci\u00f3n y certificaci\u00f3n (acreditaci\u00f3n).<\/p>\n<p>CALES, es un espacio alternativo que soportado en las TIC facilita dicha gesti\u00f3n al ofrecer con sus servicios y productos informaci\u00f3n colectada y decantada sobre la tem\u00e1tica: instrumentos, pol\u00edticas, estrategias, experiencias y resultados cient\u00edficos.<\/p>\n<p>El Departamento de Calidad est\u00e1 adscrito a la Direcci\u00f3n de Organizaci\u00f3n, Panificaci\u00f3n y Archivo de la Universidad de Oriente, como parte de las dependencias dirigidas por la Vicerrector\u00eda Primera.<\/p>\n","protected":false},"excerpt":{"rendered":"<p>Somos un grupo de docentes-investigadores que asesoramos desde el Departamento de Calidad la gesti\u00f3n de la calidad de los procesos universitarios, su evaluaci\u00f3n y certificaci\u00f3n (acreditaci\u00f3n). CALES, es un espacio alternativo que soportado en las TIC facilita dicha gesti\u00f3n al ofrecer con sus servicios y productos informaci\u00f3n colectada y decantada sobre la tem\u00e1tica: instrumentos, pol\u00edticas, &#8230; <a class=\"read-more\" href=\"https:\/\/observatorios.uo.edu.cu\/calidad\/quienes-somos\/\">Leer m\u00e1s<\/a><\/p>\n","protected":false},"author":5,"featured_media":0,"parent":0,"menu_order":0,"comment_status":"closed","ping_status":"closed","template":"","meta":{"footnotes":""},"class_list":["post-41","page","type-page","status-publish","hentry"],"rttpg_featured_image_url":null,"rttpg_author":{"display_name":"calidad","author_link":"https:\/\/observatorios.uo.edu.cu\/calidad\/author\/calidad\/"},"rttpg_comment":0,"rttpg_category":null,"rttpg_excerpt":"Somos un grupo de docentes-investigadores que asesoramos desde el Departamento de Calidad la gesti\u00f3n de la calidad de los procesos universitarios, su evaluaci\u00f3n y certificaci\u00f3n (acreditaci\u00f3n). CALES, es un espacio alternativo que soportado en las TIC facilita dicha gesti\u00f3n al ofrecer con sus servicios y productos informaci\u00f3n colectada y decantada sobre la tem\u00e1tica: instrumentos, pol\u00edticas,&hellip;","_links":{"self":[{"href":"https:\/\/observatorios.uo.edu.cu\/calidad\/wp-json\/wp\/v2\/pages\/41","targetHints":{"allow":["GET"]}}],"collection":[{"href":"https:\/\/observatorios.uo.edu.cu\/calidad\/wp-json\/wp\/v2\/pages"}],"about":[{"href":"https:\/\/observatorios.uo.edu.cu\/calidad\/wp-json\/wp\/v2\/types\/page"}],"author":[{"embeddable":true,"href":"https:\/\/observatorios.uo.edu.cu\/calidad\/wp-json\/wp\/v2\/users\/5"}],"replies":[{"embeddable":true,"href":"https:\/\/observatorios.uo.edu.cu\/calidad\/wp-json\/wp\/v2\/comments?post=41"}],"version-history":[{"count":6,"href":"https:\/\/observatorios.uo.edu.cu\/calidad\/wp-json\/wp\/v2\/pages\/41\/revisions"}],"predecessor-version":[{"id":432,"href":"https:\/\/observatorios.uo.edu.cu\/calidad\/wp-json\/wp\/v2\/pages\/41\/revisions\/432"}],"wp:attachment":[{"href":"https:\/\/observatorios.uo.edu.cu\/calidad\/wp-json\/wp\/v2\/media?parent=41"}],"curies":[{"name":"wp","href":"https:\/\/api.w.org\/{rel}","templated":true}]}}