{"id":43,"date":"2017-02-17T16:50:25","date_gmt":"2017-02-17T16:50:25","guid":{"rendered":"http:\/\/observatorios.uo.edu.cu\/calidad\/?page_id=43"},"modified":"2018-06-01T19:39:56","modified_gmt":"2018-06-01T19:39:56","slug":"contacto","status":"publish","type":"page","link":"https:\/\/observatorios.uo.edu.cu\/calidad\/contacto\/","title":{"rendered":"Contacto"},"content":{"rendered":"<p>Coordinadora del Observatorio CALES y Directora de Organizaci\u00f3n, Planificaci\u00f3n y Archivo:\u00a0 Dra. C. Taidys Garc\u00eda Mallet, Email: <a href=\"mailto:doe@consejo.uo.edu.cu\">dopa@consejo.uo.edu.cu<\/a><\/p>\n<p>Jefe del Departamento de Calidad: Dr. C. Idalberto Sen\u00fa Gonz\u00e1lez, Email: <a href=\"mailto:calidad@uo.edu.cu\">calidad@uo.edu.cu<\/a><\/p>\n<p>Sede del Departamento: 2do piso del Rectorado (Vicerrector\u00eda Primera), Sede Antonio Maceo<\/p>\n","protected":false},"excerpt":{"rendered":"<p>Coordinadora del Observatorio CALES y Directora de Organizaci\u00f3n, Planificaci\u00f3n y Archivo:\u00a0 Dra. C. Taidys Garc\u00eda Mallet, Email: dopa@consejo.uo.edu.cu Jefe del Departamento de Calidad: Dr. C. Idalberto Sen\u00fa Gonz\u00e1lez, Email: calidad@uo.edu.cu Sede del Departamento: 2do piso del Rectorado (Vicerrector\u00eda Primera), Sede Antonio Maceo<\/p>\n","protected":false},"author":5,"featured_media":0,"parent":0,"menu_order":0,"comment_status":"closed","ping_status":"closed","template":"","meta":{"footnotes":""},"class_list":["post-43","page","type-page","status-publish","hentry"],"rttpg_featured_image_url":null,"rttpg_author":{"display_name":"calidad","author_link":"https:\/\/observatorios.uo.edu.cu\/calidad\/author\/calidad\/"},"rttpg_comment":0,"rttpg_category":null,"rttpg_excerpt":"Coordinadora del Observatorio CALES y Directora de Organizaci\u00f3n, Planificaci\u00f3n y Archivo:\u00a0 Dra. C. Taidys Garc\u00eda Mallet, Email: dopa@consejo.uo.edu.cu Jefe del Departamento de Calidad: Dr. C. Idalberto Sen\u00fa Gonz\u00e1lez, Email: calidad@uo.edu.cu Sede del Departamento: 2do piso del Rectorado (Vicerrector\u00eda Primera), Sede Antonio Maceo","_links":{"self":[{"href":"https:\/\/observatorios.uo.edu.cu\/calidad\/wp-json\/wp\/v2\/pages\/43","targetHints":{"allow":["GET"]}}],"collection":[{"href":"https:\/\/observatorios.uo.edu.cu\/calidad\/wp-json\/wp\/v2\/pages"}],"about":[{"href":"https:\/\/observatorios.uo.edu.cu\/calidad\/wp-json\/wp\/v2\/types\/page"}],"author":[{"embeddable":true,"href":"https:\/\/observatorios.uo.edu.cu\/calidad\/wp-json\/wp\/v2\/users\/5"}],"replies":[{"embeddable":true,"href":"https:\/\/observatorios.uo.edu.cu\/calidad\/wp-json\/wp\/v2\/comments?post=43"}],"version-history":[{"count":9,"href":"https:\/\/observatorios.uo.edu.cu\/calidad\/wp-json\/wp\/v2\/pages\/43\/revisions"}],"predecessor-version":[{"id":433,"href":"https:\/\/observatorios.uo.edu.cu\/calidad\/wp-json\/wp\/v2\/pages\/43\/revisions\/433"}],"wp:attachment":[{"href":"https:\/\/observatorios.uo.edu.cu\/calidad\/wp-json\/wp\/v2\/media?parent=43"}],"curies":[{"name":"wp","href":"https:\/\/api.w.org\/{rel}","templated":true}]}}