{"id":87,"date":"2018-01-22T16:27:18","date_gmt":"2018-01-22T16:27:18","guid":{"rendered":"http:\/\/observatorios.uo.edu.cu\/cultural\/?page_id=87"},"modified":"2018-03-27T16:56:51","modified_gmt":"2018-03-27T16:56:51","slug":"ejercicio-del-criterio","status":"publish","type":"page","link":"https:\/\/observatorios.uo.edu.cu\/cultural\/ejercicio-del-criterio\/","title":{"rendered":"Ejercicio del criterio"},"content":{"rendered":"<p><a href=\"http:\/\/observatorios.uo.edu.cu\/cultural\/wp-content\/uploads\/sites\/4\/2018\/01\/Cultura-y-costumbre-reformar-lo-cotidiano-en-la-comunidad-universitaria.pdf\">Cultura-y-costumbre-reformar-lo-cotidiano-en-la-comunidad-universitaria<\/a><\/p>\n<p><a href=\"http:\/\/observatorios.uo.edu.cu\/cultural\/wp-content\/uploads\/sites\/4\/2018\/01\/D.-Mirar-la-cultura-herramienta-de-desarrollo....pdf\">D.-Mirar-la-cultura-herramienta-de-desarrollo&#8230;<\/a><\/p>\n<p><a href=\"http:\/\/observatorios.uo.edu.cu\/cultural\/wp-content\/uploads\/sites\/4\/2018\/01\/D.-Por-una-cultura-de-coraz\u00f3n-y-Buena-Fe.pdf\">D.-Por-una-cultura-de-coraz\u00f3n-y-Buena-Fe<\/a><\/p>\n<p><a href=\"http:\/\/observatorios.uo.edu.cu\/cultural\/wp-content\/uploads\/sites\/4\/2018\/01\/D.-Voces-de-guitarra-tienen-su-espacio-en-la-vi\u00f1a-del-se\u00f1or.pdf\">D.-Voces-de-guitarra-tienen-su-espacio-en-la-vi\u00f1a-del-se\u00f1or<\/a><\/p>\n<p><a href=\"http:\/\/observatorios.uo.edu.cu\/cultural\/wp-content\/uploads\/sites\/4\/2018\/01\/La-Din\u00e1mica-Cultural.pdf\">La-Din\u00e1mica-Cultural<\/a><\/p>\n","protected":false},"excerpt":{"rendered":"<p>Cultura-y-costumbre-reformar-lo-cotidiano-en-la-comunidad-universitaria D.-Mirar-la-cultura-herramienta-de-desarrollo&#8230; D.-Por-una-cultura-de-coraz\u00f3n-y-Buena-Fe D.-Voces-de-guitarra-tienen-su-espacio-en-la-vi\u00f1a-del-se\u00f1or La-Din\u00e1mica-Cultural<\/p>\n","protected":false},"author":11,"featured_media":0,"parent":0,"menu_order":0,"comment_status":"closed","ping_status":"closed","template":"","meta":{"footnotes":""},"class_list":["post-87","page","type-page","status-publish","hentry"],"rttpg_featured_image_url":null,"rttpg_author":{"display_name":"larias","author_link":"https:\/\/observatorios.uo.edu.cu\/cultural\/author\/larias\/"},"rttpg_comment":0,"rttpg_category":null,"rttpg_excerpt":"Cultura-y-costumbre-reformar-lo-cotidiano-en-la-comunidad-universitaria D.-Mirar-la-cultura-herramienta-de-desarrollo&#8230; D.-Por-una-cultura-de-coraz\u00f3n-y-Buena-Fe D.-Voces-de-guitarra-tienen-su-espacio-en-la-vi\u00f1a-del-se\u00f1or La-Din\u00e1mica-Cultural","_links":{"self":[{"href":"https:\/\/observatorios.uo.edu.cu\/cultural\/wp-json\/wp\/v2\/pages\/87","targetHints":{"allow":["GET"]}}],"collection":[{"href":"https:\/\/observatorios.uo.edu.cu\/cultural\/wp-json\/wp\/v2\/pages"}],"about":[{"href":"https:\/\/observatorios.uo.edu.cu\/cultural\/wp-json\/wp\/v2\/types\/page"}],"author":[{"embeddable":true,"href":"https:\/\/observatorios.uo.edu.cu\/cultural\/wp-json\/wp\/v2\/users\/11"}],"replies":[{"embeddable":true,"href":"https:\/\/observatorios.uo.edu.cu\/cultural\/wp-json\/wp\/v2\/comments?post=87"}],"version-history":[{"count":4,"href":"https:\/\/observatorios.uo.edu.cu\/cultural\/wp-json\/wp\/v2\/pages\/87\/revisions"}],"predecessor-version":[{"id":157,"href":"https:\/\/observatorios.uo.edu.cu\/cultural\/wp-json\/wp\/v2\/pages\/87\/revisions\/157"}],"wp:attachment":[{"href":"https:\/\/observatorios.uo.edu.cu\/cultural\/wp-json\/wp\/v2\/media?parent=87"}],"curies":[{"name":"wp","href":"https:\/\/api.w.org\/{rel}","templated":true}]}}