{"id":89,"date":"2018-01-22T16:27:39","date_gmt":"2018-01-22T16:27:39","guid":{"rendered":"http:\/\/observatorios.uo.edu.cu\/cultural\/?page_id=89"},"modified":"2018-03-27T17:51:17","modified_gmt":"2018-03-27T17:51:17","slug":"resenas","status":"publish","type":"page","link":"https:\/\/observatorios.uo.edu.cu\/cultural\/resenas\/","title":{"rendered":"Rese\u00f1as"},"content":{"rendered":"<p><a href=\"http:\/\/observatorios.uo.edu.cu\/cultural\/wp-content\/uploads\/sites\/4\/2018\/01\/Miradas-del-lente-Dossier.pdf\">Miradas-del-lente-Dossier<\/a><\/p>\n<p><a href=\"http:\/\/observatorios.uo.edu.cu\/cultural\/wp-content\/uploads\/sites\/4\/2018\/01\/R.-La-magia-de-mi-jard\u00edn.pdf\">R.-La-magia-de-mi-jard\u00edn<\/a><\/p>\n<p><a href=\"http:\/\/observatorios.uo.edu.cu\/cultural\/wp-content\/uploads\/sites\/4\/2018\/01\/R.-Los-narradores-cubanos-tambi\u00e9n-cantan-boleros-Daisy-Cu\u00e9-OCU.pdf\">R.-Los-narradores-cubanos-tambi\u00e9n-cantan-boleros-Daisy-Cu\u00e9-OCU<\/a><\/p>\n<p><a href=\"http:\/\/observatorios.uo.edu.cu\/cultural\/wp-content\/uploads\/sites\/4\/2018\/01\/R.-Presentaci\u00f3n-de-Asedio-a-Lezama-Lima.pdf\">R.-Presentaci\u00f3n-de-Asedio-a-Lezama-Lima<\/a><\/p>\n<p><a href=\"http:\/\/observatorios.uo.edu.cu\/cultural\/wp-content\/uploads\/sites\/4\/2018\/01\/R.-Presentaci\u00f3n-de-Ensayos-de-Fina-Garc\u00eda-Marruz.pdf\">R.-Presentaci\u00f3n-de-Ensayos-de-Fina-Garc\u00eda-Marruz<\/a> <a href=\"http:\/\/observatorios.uo.edu.cu\/cultural\/wp-content\/uploads\/sites\/4\/2018\/01\/R.-Presentaci\u00f3n-Pupila-insomne-OCU.pdf\">R.-Presentaci\u00f3n-Pupila-insomne-OCU<\/a><\/p>\n","protected":false},"excerpt":{"rendered":"<p>Miradas-del-lente-Dossier R.-La-magia-de-mi-jard\u00edn R.-Los-narradores-cubanos-tambi\u00e9n-cantan-boleros-Daisy-Cu\u00e9-OCU R.-Presentaci\u00f3n-de-Asedio-a-Lezama-Lima R.-Presentaci\u00f3n-de-Ensayos-de-Fina-Garc\u00eda-Marruz R.-Presentaci\u00f3n-Pupila-insomne-OCU<\/p>\n","protected":false},"author":11,"featured_media":0,"parent":0,"menu_order":0,"comment_status":"closed","ping_status":"closed","template":"","meta":{"footnotes":""},"class_list":["post-89","page","type-page","status-publish","hentry"],"rttpg_featured_image_url":null,"rttpg_author":{"display_name":"larias","author_link":"https:\/\/observatorios.uo.edu.cu\/cultural\/author\/larias\/"},"rttpg_comment":0,"rttpg_category":null,"rttpg_excerpt":"Miradas-del-lente-Dossier R.-La-magia-de-mi-jard\u00edn R.-Los-narradores-cubanos-tambi\u00e9n-cantan-boleros-Daisy-Cu\u00e9-OCU R.-Presentaci\u00f3n-de-Asedio-a-Lezama-Lima R.-Presentaci\u00f3n-de-Ensayos-de-Fina-Garc\u00eda-Marruz R.-Presentaci\u00f3n-Pupila-insomne-OCU","_links":{"self":[{"href":"https:\/\/observatorios.uo.edu.cu\/cultural\/wp-json\/wp\/v2\/pages\/89","targetHints":{"allow":["GET"]}}],"collection":[{"href":"https:\/\/observatorios.uo.edu.cu\/cultural\/wp-json\/wp\/v2\/pages"}],"about":[{"href":"https:\/\/observatorios.uo.edu.cu\/cultural\/wp-json\/wp\/v2\/types\/page"}],"author":[{"embeddable":true,"href":"https:\/\/observatorios.uo.edu.cu\/cultural\/wp-json\/wp\/v2\/users\/11"}],"replies":[{"embeddable":true,"href":"https:\/\/observatorios.uo.edu.cu\/cultural\/wp-json\/wp\/v2\/comments?post=89"}],"version-history":[{"count":2,"href":"https:\/\/observatorios.uo.edu.cu\/cultural\/wp-json\/wp\/v2\/pages\/89\/revisions"}],"predecessor-version":[{"id":203,"href":"https:\/\/observatorios.uo.edu.cu\/cultural\/wp-json\/wp\/v2\/pages\/89\/revisions\/203"}],"wp:attachment":[{"href":"https:\/\/observatorios.uo.edu.cu\/cultural\/wp-json\/wp\/v2\/media?parent=89"}],"curies":[{"name":"wp","href":"https:\/\/api.w.org\/{rel}","templated":true}]}}