{"id":142,"date":"2024-05-03T14:30:40","date_gmt":"2024-05-03T18:30:40","guid":{"rendered":"https:\/\/observatorios.uo.edu.cu\/desarrollo-local\/?page_id=142"},"modified":"2024-05-03T18:52:23","modified_gmt":"2024-05-03T22:52:23","slug":"inicio","status":"publish","type":"page","link":"https:\/\/observatorios.uo.edu.cu\/desarrollo-local\/","title":{"rendered":"Inicio"},"content":{"rendered":"\t\t<div data-elementor-type=\"wp-page\" data-elementor-id=\"142\" class=\"elementor elementor-142\">\n\t\t\t\t<div class=\"elementor-element elementor-element-cc2a919 e-flex e-con-boxed e-con e-parent\" data-id=\"cc2a919\" data-element_type=\"container\" data-e-type=\"container\">\n\t\t\t\t\t<div class=\"e-con-inner\">\n\t\t\t\t<div class=\"elementor-element elementor-element-30daa15 elementor-widget elementor-widget-heading\" data-id=\"30daa15\" data-element_type=\"widget\" data-e-type=\"widget\" data-widget_type=\"heading.default\">\n\t\t\t\t<div class=\"elementor-widget-container\">\n\t\t\t\t\t<h2 class=\"elementor-heading-title elementor-size-default\"><h1 class=\"elementor-heading-title elementor-size-default elementor-inline-editing pen\" data-elementor-setting-key=\"title\" data-pen-placeholder=\"Teclea aqu\u00ed...\" style=\"line-height: 1;font-family: Roboto, sans-serif;font-size: 45px;font-style: normal;font-weight: 600;text-align: center\">Promoci\u00f3n Sociocultural Virtual<\/h1><\/h2>\t\t\t\t<\/div>\n\t\t\t\t<\/div>\n\t\t\t\t<div class=\"elementor-element elementor-element-cf39896 elementor-widget elementor-widget-text-editor\" data-id=\"cf39896\" data-element_type=\"widget\" data-e-type=\"widget\" data-widget_type=\"text-editor.default\">\n\t\t\t\t<div class=\"elementor-widget-container\">\n\t\t\t\t\t\t\t\t\t<p style=\"margin-bottom: 0px;line-height: inherit;font-size: 20px;font-style: normal;font-weight: 400;color: #000000;text-align: center\"><span style=\"margin: 0px;padding: 0px;border: 0px;line-height: inherit;vertical-align: baseline;font-family: 'Open Sans', sans-serif;font-size: 18px;color: #111111\">CENTRO UNIVERSITARIO MUNICIPAL SONGO-LA MAYA<\/span><\/p>\n<p style=\"margin-bottom: 0px;line-height: inherit;font-size: 20px;font-style: normal;font-weight: 400;color: #000000;text-align: center\"><span style=\"margin: 0px;padding: 0px;border: 0px;line-height: inherit;vertical-align: baseline;font-family: 'Open Sans', sans-serif;font-size: 18px;color: #111111\"><br><\/span><\/p>\n<p style=\"margin-bottom: 0px;line-height: inherit;font-size: 20px;font-style: normal;font-weight: 400;color: #000000;text-align: center\"><span style=\"margin: 0px;padding: 0px;border: 0px;line-height: inherit;vertical-align: baseline;font-family: 'Open Sans', sans-serif;font-size: 18px;color: #111111\">Este sitio tiene la finalidad de maneterte al tanto de todo lo que acontece en nuestra comunidad en cuanto a proyectos comunitarios, acciones extensionistas universitarias y otras acciones realizadas por el CUM Songo-La Maya en el Municipio y el las Comunidades Rurales con el objetivo de desarrollar el v\u00ednculo Universidad-Sociedad.&nbsp;<\/span><span style=\", sans-serif;font-size: 18px;background-color: var(--ast-global-color-5)\">Tambi\u00e9n dar a conocer m\u00e1s acerca de nuestra cultura, tradici\u00f3n y lugares de inter\u00e9s que son la expresi\u00f3n viva de nuestras ra\u00edces.<\/span><\/p>\t\t\t\t\t\t\t\t<\/div>\n\t\t\t\t<\/div>\n\t\t\t\t<div class=\"elementor-element elementor-element-985889e elementor-widget elementor-widget-spacer\" data-id=\"985889e\" data-element_type=\"widget\" data-e-type=\"widget\" data-widget_type=\"spacer.default\">\n\t\t\t\t<div class=\"elementor-widget-container\">\n\t\t\t\t\t\t\t<div class=\"elementor-spacer\">\n\t\t\t<div class=\"elementor-spacer-inner\"><\/div>\n\t\t<\/div>\n\t\t\t\t\t\t<\/div>\n\t\t\t\t<\/div>\n\t\t\t\t\t<\/div>\n\t\t\t\t<\/div>\n\t\t<div class=\"elementor-element elementor-element-c74da4c e-flex e-con-boxed e-con e-parent\" data-id=\"c74da4c\" data-element_type=\"container\" data-e-type=\"container\">\n\t\t\t\t\t<div class=\"e-con-inner\">\n\t\t<div class=\"elementor-element elementor-element-789937d e-con-full e-flex e-con e-child\" data-id=\"789937d\" data-element_type=\"container\" data-e-type=\"container\">\n\t\t\t\t<div class=\"elementor-element elementor-element-ef16d2b elementor-widget elementor-widget-heading\" data-id=\"ef16d2b\" data-element_type=\"widget\" data-e-type=\"widget\" data-widget_type=\"heading.default\">\n\t\t\t\t<div class=\"elementor-widget-container\">\n\t\t\t\t\t<h2 class=\"elementor-heading-title elementor-size-default\"><h2 data-elementor-setting-key=\"title\" data-pen-placeholder=\"Teclea aqu\u00ed...\" style=\"line-height: 1;font-size: 22px;font-style: normal;text-align: center\">Proyectos de Extensi\u00f3n Universitaria<\/h2><\/h2>\t\t\t\t<\/div>\n\t\t\t\t<\/div>\n\t\t\t\t<div class=\"elementor-element elementor-element-00cc913 elementor-widget elementor-widget-text-editor\" data-id=\"00cc913\" data-element_type=\"widget\" data-e-type=\"widget\" data-widget_type=\"text-editor.default\">\n\t\t\t\t<div class=\"elementor-widget-container\">\n\t\t\t\t\t\t\t\t\t<p><span style=\"color: #000000;font-size: 19px;text-align: justify\">Proyectos dirigidos por el CUM Songo-La Maya y la Universidad de Oriente para el desarrollo educativo de la comunidad<\/span><\/p>\t\t\t\t\t\t\t\t<\/div>\n\t\t\t\t<\/div>\n\t\t\t\t<div class=\"elementor-element elementor-element-ffb718d elementor-widget elementor-widget-heading\" data-id=\"ffb718d\" data-element_type=\"widget\" data-e-type=\"widget\" data-widget_type=\"heading.default\">\n\t\t\t\t<div class=\"elementor-widget-container\">\n\t\t\t\t\t<h2 class=\"elementor-heading-title elementor-size-default\"><h2 data-elementor-setting-key=\"title\" data-pen-placeholder=\"Teclea aqu\u00ed...\" style=\"line-height: 1;font-size: 22px;font-style: normal;text-align: center\">Cultura<\/h2><\/h2>\t\t\t\t<\/div>\n\t\t\t\t<\/div>\n\t\t\t\t<div class=\"elementor-element elementor-element-24b8974 elementor-widget elementor-widget-text-editor\" data-id=\"24b8974\" data-element_type=\"widget\" data-e-type=\"widget\" data-widget_type=\"text-editor.default\">\n\t\t\t\t<div class=\"elementor-widget-container\">\n\t\t\t\t\t\t\t\t\t<p><span style=\"color: #000000;font-size: 18px;text-align: justify\">Conoce m\u00e1s acerca de nuestras ra\u00edces, tradiciones, expresiones folkl\u00f3ricas y m\u00e1s<\/span><\/p>\t\t\t\t\t\t\t\t<\/div>\n\t\t\t\t<\/div>\n\t\t\t\t<\/div>\n\t\t<div class=\"elementor-element elementor-element-a242063 e-con-full e-flex e-con e-child\" data-id=\"a242063\" data-element_type=\"container\" data-e-type=\"container\">\n\t\t\t\t<div class=\"elementor-element elementor-element-9e79464 elementor-widget elementor-widget-image\" data-id=\"9e79464\" data-element_type=\"widget\" data-e-type=\"widget\" data-widget_type=\"image.default\">\n\t\t\t\t<div class=\"elementor-widget-container\">\n\t\t\t\t\t\t\t\t\t\t\t\t\t\t\t<img decoding=\"async\" src=\"https:\/\/observatorios.uo.edu.cu\/desarrollo-local\/wp-content\/uploads\/sites\/13\/2024\/05\/cultura1.jpg\" title=\"cultura1\" alt=\"cultura1\" loading=\"lazy\" \/>\t\t\t\t\t\t\t\t\t\t\t\t\t\t\t<\/div>\n\t\t\t\t<\/div>\n\t\t\t\t<\/div>\n\t\t<div class=\"elementor-element elementor-element-1842998 e-con-full e-flex e-con e-child\" data-id=\"1842998\" data-element_type=\"container\" data-e-type=\"container\">\n\t\t\t\t<div class=\"elementor-element elementor-element-3792d07 elementor-widget elementor-widget-heading\" data-id=\"3792d07\" data-element_type=\"widget\" data-e-type=\"widget\" data-widget_type=\"heading.default\">\n\t\t\t\t<div class=\"elementor-widget-container\">\n\t\t\t\t\t<h2 class=\"elementor-heading-title elementor-size-default\"><h2 data-elementor-setting-key=\"title\" data-pen-placeholder=\"Teclea aqu\u00ed...\" style=\"line-height: 1;font-family: Roboto, sans-serif;font-size: 22px;font-style: normal;font-weight: 600;text-align: center\">Historia<\/h2><\/h2>\t\t\t\t<\/div>\n\t\t\t\t<\/div>\n\t\t\t\t<div class=\"elementor-element elementor-element-668edae elementor-widget elementor-widget-text-editor\" data-id=\"668edae\" data-element_type=\"widget\" data-e-type=\"widget\" data-widget_type=\"text-editor.default\">\n\t\t\t\t<div class=\"elementor-widget-container\">\n\t\t\t\t\t\t\t\t\t<p><span style=\"font-size: 18px;text-align: justify\">Desde el origen del nombre, personajes hist\u00f3ricos, hasta los hechos m\u00e1s significativos ocurridos.<\/span><br><\/p>\t\t\t\t\t\t\t\t<\/div>\n\t\t\t\t<\/div>\n\t\t\t\t<div class=\"elementor-element elementor-element-53026ea elementor-widget elementor-widget-heading\" data-id=\"53026ea\" data-element_type=\"widget\" data-e-type=\"widget\" data-widget_type=\"heading.default\">\n\t\t\t\t<div class=\"elementor-widget-container\">\n\t\t\t\t\t<h2 class=\"elementor-heading-title elementor-size-default\"><h2 data-elementor-setting-key=\"title\" data-pen-placeholder=\"Teclea aqu\u00ed...\" style=\"line-height: 1;font-family: Roboto, sans-serif;font-size: 22px;font-style: normal;font-weight: 600;text-align: center\">Lugares de Inter\u00e9s<\/h2><\/h2>\t\t\t\t<\/div>\n\t\t\t\t<\/div>\n\t\t\t\t<div class=\"elementor-element elementor-element-f592d99 elementor-widget elementor-widget-text-editor\" data-id=\"f592d99\" data-element_type=\"widget\" data-e-type=\"widget\" data-widget_type=\"text-editor.default\">\n\t\t\t\t<div class=\"elementor-widget-container\">\n\t\t\t\t\t\t\t\t\t<p><span style=\"color: #000000;font-size: 18px;text-align: justify\">Viaje por los sitios m\u00e1s emblem\u00e1ticos de la comunidad.<\/span><\/p>\t\t\t\t\t\t\t\t<\/div>\n\t\t\t\t<\/div>\n\t\t\t\t<\/div>\n\t\t\t\t\t<\/div>\n\t\t\t\t<\/div>\n\t\t<div class=\"elementor-element elementor-element-a6de1e4 e-flex e-con-boxed e-con e-parent\" data-id=\"a6de1e4\" data-element_type=\"container\" data-e-type=\"container\">\n\t\t\t\t\t<div class=\"e-con-inner\">\n\t\t\t\t<div class=\"elementor-element elementor-element-1161b67 elementor-widget elementor-widget-spacer\" data-id=\"1161b67\" data-element_type=\"widget\" data-e-type=\"widget\" data-widget_type=\"spacer.default\">\n\t\t\t\t<div class=\"elementor-widget-container\">\n\t\t\t\t\t\t\t<div class=\"elementor-spacer\">\n\t\t\t<div class=\"elementor-spacer-inner\"><\/div>\n\t\t<\/div>\n\t\t\t\t\t\t<\/div>\n\t\t\t\t<\/div>\n\t\t\t\t<div class=\"elementor-element elementor-element-b640e1e elementor-widget elementor-widget-heading\" data-id=\"b640e1e\" data-element_type=\"widget\" data-e-type=\"widget\" data-widget_type=\"heading.default\">\n\t\t\t\t<div class=\"elementor-widget-container\">\n\t\t\t\t\t<h2 class=\"elementor-heading-title elementor-size-default\">\u00daltimas Publicaciones<\/h2>\t\t\t\t<\/div>\n\t\t\t\t<\/div>\n\t\t\t\t\t<\/div>\n\t\t\t\t<\/div>\n\t\t<div class=\"elementor-element elementor-element-f254c36 e-flex e-con-boxed e-con e-parent\" data-id=\"f254c36\" data-element_type=\"container\" data-e-type=\"container\">\n\t\t\t\t\t<div class=\"e-con-inner\">\n\t\t\t\t<div class=\"elementor-element elementor-element-965694e elementor-widget elementor-widget-wp-widget-widget_tpg_post_grid\" data-id=\"965694e\" data-element_type=\"widget\" data-e-type=\"widget\" data-widget_type=\"wp-widget-widget_tpg_post_grid.default\">\n\t\t\t\t<div class=\"elementor-widget-container\">\n\t\t\t\t\t<style type='text\/css' media='all'>#rt-tpg-container-3294147065 .rt-holder .rt-woo-info .price{color:#0367bf;}body .rt-tpg-container .rt-tpg-isotope-buttons .selected,\n\t\t\t\t\t#rt-tpg-container-3294147065 .layout12 .rt-holder:hover .rt-detail,\n\t\t\t\t\t#rt-tpg-container-3294147065 .isotope8 .rt-holder:hover .rt-detail,\n\t\t\t\t\t#rt-tpg-container-3294147065 .carousel8 .rt-holder:hover .rt-detail,\n\t\t\t\t\t#rt-tpg-container-3294147065 .layout13 .rt-holder .overlay .post-info,\n\t\t\t\t\t#rt-tpg-container-3294147065 .isotope9 .rt-holder .overlay .post-info,\n\t\t\t\t\t#rt-tpg-container-3294147065.rt-tpg-container .layout4 .rt-holder .rt-detail,\n\t\t\t\t\t.rt-modal-3294147065 .md-content,\n\t\t\t\t\t.rt-modal-3294147065 .md-content > .rt-md-content-holder .rt-md-content,\n\t\t\t\t\t.rt-popup-wrap-3294147065.rt-popup-wrap .rt-popup-navigation-wrap,\n\t\t\t\t\t#rt-tpg-container-3294147065 .carousel9 .rt-holder .overlay .post-info{background-color:#0367bf;}#rt-tpg-container-3294147065 .layout5 .rt-holder .overlay, #rt-tpg-container-3294147065 .isotope2 .rt-holder .overlay, #rt-tpg-container-3294147065 .carousel2 .rt-holder .overlay,#rt-tpg-container-3294147065 .layout15 .rt-holder h3, #rt-tpg-container-3294147065 .isotope11 .rt-holder h3, #rt-tpg-container-3294147065 .carousel11 .rt-holder h3, #rt-tpg-container-3294147065 .layout16 .rt-holder h3,\n\t\t\t\t\t#rt-tpg-container-3294147065 .isotope12 .rt-holder h3, #rt-tpg-container-3294147065 .carousel12 .rt-holder h3 {background-color:rgba(3,103,191,0.8);}#rt-tpg-container-3294147065 .read-more a{border-radius:px;}#rt-tpg-container-3294147065 .rt-img-holder img.rt-img-responsive,#rt-tpg-container-3294147065 .rt-img-holder,\n\t\t\t\t\t#rt-tpg-container-3294147065 .rt-post-overlay .post-img,\n\t\t\t\t\t#rt-tpg-container-3294147065 .post-sm .post-img,\n\t\t\t\t\t#rt-tpg-container-3294147065 .rt-post-grid .post-img,\n\t\t\t\t\t#rt-tpg-container-3294147065 .post-img img {border-radius:px;}<\/style><div class='rt-container-fluid rt-tpg-container tpg-shortcode-main-wrapper  loading' id='rt-tpg-container-3294147065'   data-layout='layout5' data-grid-style='even' data-desktop-col='3'  data-tab-col='2'  data-mobile-col='1' data-sc-id='48'><div id=\"bottom-script-loader\" class=\"bottom-script-loader\"><div class=\"rt-ball-clip-rotate\"><div><\/div><\/div><\/div><div data-title='Cargando...' class='rt-row rt-content-loader   layout5 tpg-even '><div class=\"rt-col-md-4 rt-col-sm-6 rt-col-xs-12 even-grid-item rt-grid-item\" data-id=\"651\"><div class=\"rt-holder\"><div class=\"overlay\"><h3 class=\"entry-title\"><a data-id=\"651\" class=\"\" href=\"https:\/\/observatorios.uo.edu.cu\/desarrollo-local\/2025\/02\/27\/taller-competencias-digitales-como-herramienta-para-la-descolonizacion-cultural-en-comunidades-rurales-experiencias-cuba-mexico\/\">Taller \u00abCompetencias digitales como herramienta para la descolonizaci\u00f3n cultural en comunidades rurales: experiencias Cuba &#8211; M\u00e9xico\u00bb<\/a><\/h3><span class='post-meta-user '><span class='date-meta'><i class='far fa-calendar-alt '><\/i>27 de febrero de 2025<\/span><span class='author'><i class='fa fa-user '><\/i><a href=\"https:\/\/observatorios.uo.edu.cu\/desarrollo-local\/author\/jmil\/\">Jos\u00e9 Manuel Izquierdo Lao<\/a><\/span><span class='categories-links'><i class='fas fa-folder-open '><\/i><a class=\"sin-categoria\" href=\"https:\/\/observatorios.uo.edu.cu\/desarrollo-local\/category\/sin-categoria\/\" rel=\"tag\">Sin categor\u00eda<\/a><\/span><\/span><\/div> <\/div><\/div><div class=\"rt-col-md-4 rt-col-sm-6 rt-col-xs-12 even-grid-item rt-grid-item\" data-id=\"619\"><div class=\"rt-holder\"><div class=\"overlay\"><h3 class=\"entry-title\"><a data-id=\"619\" class=\"\" href=\"https:\/\/observatorios.uo.edu.cu\/desarrollo-local\/2025\/02\/17\/salas-de-videoconferencias\/\">Salas de videoconferencias<\/a><\/h3><span class='post-meta-user '><span class='date-meta'><i class='far fa-calendar-alt '><\/i>17 de febrero de 2025<\/span><span class='author'><i class='fa fa-user '><\/i><a href=\"https:\/\/observatorios.uo.edu.cu\/desarrollo-local\/author\/jmil\/\">Jos\u00e9 Manuel Izquierdo Lao<\/a><\/span><span class='categories-links'><i class='fas fa-folder-open '><\/i><a class=\"sin-categoria\" href=\"https:\/\/observatorios.uo.edu.cu\/desarrollo-local\/category\/sin-categoria\/\" rel=\"tag\">Sin categor\u00eda<\/a><\/span><\/span><\/div> <\/div><\/div><div class=\"rt-col-md-4 rt-col-sm-6 rt-col-xs-12 even-grid-item rt-grid-item\" data-id=\"604\"><div class=\"rt-holder\"><div class=\"overlay\"><h3 class=\"entry-title\"><a data-id=\"604\" class=\"\" href=\"https:\/\/observatorios.uo.edu.cu\/desarrollo-local\/2025\/02\/03\/mesa-de-trabajo-con-el-diputado-a-la-asamblea-nacional-del-poder-popular-por-songo-la-maya-lic-raul-omar-vega\/\">Mesa de trabajo con el Diputado a la Asamblea Nacional del Poder Popular por Songo La Maya, Lic. Ra\u00fal Omar Vega<\/a><\/h3><span class='post-meta-user '><span class='date-meta'><i class='far fa-calendar-alt '><\/i>3 de febrero de 2025<\/span><span class='author'><i class='fa fa-user '><\/i><a href=\"https:\/\/observatorios.uo.edu.cu\/desarrollo-local\/author\/jmil\/\">Jos\u00e9 Manuel Izquierdo Lao<\/a><\/span><span class='categories-links'><i class='fas fa-folder-open '><\/i><a class=\"sin-categoria\" href=\"https:\/\/observatorios.uo.edu.cu\/desarrollo-local\/category\/sin-categoria\/\" rel=\"tag\">Sin categor\u00eda<\/a><\/span><\/span><\/div> <\/div><\/div><\/div><\/div>\t\t\t\t<\/div>\n\t\t\t\t<\/div>\n\t\t\t\t\t<\/div>\n\t\t\t\t<\/div>\n\t\t<div class=\"elementor-element elementor-element-f7f7b2c e-flex e-con-boxed e-con e-parent\" data-id=\"f7f7b2c\" data-element_type=\"container\" data-e-type=\"container\">\n\t\t\t\t\t<div class=\"e-con-inner\">\n\t\t\t\t<div class=\"elementor-element elementor-element-8d04989 elementor-widget elementor-widget-spacer\" data-id=\"8d04989\" data-element_type=\"widget\" data-e-type=\"widget\" data-widget_type=\"spacer.default\">\n\t\t\t\t<div class=\"elementor-widget-container\">\n\t\t\t\t\t\t\t<div class=\"elementor-spacer\">\n\t\t\t<div class=\"elementor-spacer-inner\"><\/div>\n\t\t<\/div>\n\t\t\t\t\t\t<\/div>\n\t\t\t\t<\/div>\n\t\t\t\t\t<\/div>\n\t\t\t\t<\/div>\n\t\t\t\t<\/div>\n\t\t","protected":false},"excerpt":{"rendered":"<p>Promoci\u00f3n Sociocultural Virtual CENTRO UNIVERSITARIO MUNICIPAL SONGO-LA MAYA Este sitio tiene la finalidad de maneterte al tanto de todo lo que acontece en nuestra comunidad en cuanto a proyectos comunitarios, acciones extensionistas universitarias y otras acciones realizadas por el CUM Songo-La Maya en el Municipio y el las Comunidades Rurales con el objetivo de desarrollar [&hellip;]<\/p>\n","protected":false},"author":156,"featured_media":0,"parent":0,"menu_order":0,"comment_status":"closed","ping_status":"closed","template":"","meta":{"site-sidebar-layout":"no-sidebar","site-content-layout":"","ast-site-content-layout":"normal-width-container","site-content-style":"default","site-sidebar-style":"default","ast-global-header-display":"","ast-banner-title-visibility":"","ast-main-header-display":"","ast-hfb-above-header-display":"","ast-hfb-below-header-display":"","ast-hfb-mobile-header-display":"","site-post-title":"disabled","ast-breadcrumbs-content":"","ast-featured-img":"disabled","footer-sml-layout":"","ast-disable-related-posts":"","theme-transparent-header-meta":"","adv-header-id-meta":"","stick-header-meta":"","header-above-stick-meta":"","header-main-stick-meta":"","header-below-stick-meta":"","astra-migrate-meta-layouts":"default","ast-page-background-enabled":"default","ast-page-background-meta":{"desktop":{"background-color":"var(--ast-global-color-4)","background-image":"","background-repeat":"repeat","background-position":"center center","background-size":"auto","background-attachment":"scroll","background-type":"","background-media":"","overlay-type":"","overlay-color":"","overlay-opacity":"","overlay-gradient":""},"tablet":{"background-color":"","background-image":"","background-repeat":"repeat","background-position":"center center","background-size":"auto","background-attachment":"scroll","background-type":"","background-media":"","overlay-type":"","overlay-color":"","overlay-opacity":"","overlay-gradient":""},"mobile":{"background-color":"","background-image":"","background-repeat":"repeat","background-position":"center center","background-size":"auto","background-attachment":"scroll","background-type":"","background-media":"","overlay-type":"","overlay-color":"","overlay-opacity":"","overlay-gradient":""}},"ast-content-background-meta":{"desktop":{"background-color":"var(--ast-global-color-5)","background-image":"","background-repeat":"repeat","background-position":"center center","background-size":"auto","background-attachment":"scroll","background-type":"","background-media":"","overlay-type":"","overlay-color":"","overlay-opacity":"","overlay-gradient":""},"tablet":{"background-color":"var(--ast-global-color-5)","background-image":"","background-repeat":"repeat","background-position":"center center","background-size":"auto","background-attachment":"scroll","background-type":"","background-media":"","overlay-type":"","overlay-color":"","overlay-opacity":"","overlay-gradient":""},"mobile":{"background-color":"var(--ast-global-color-5)","background-image":"","background-repeat":"repeat","background-position":"center center","background-size":"auto","background-attachment":"scroll","background-type":"","background-media":"","overlay-type":"","overlay-color":"","overlay-opacity":"","overlay-gradient":""}},"footnotes":""},"class_list":["post-142","page","type-page","status-publish","hentry"],"rttpg_featured_image_url":null,"rttpg_author":{"display_name":"carlos.leyva","author_link":"https:\/\/observatorios.uo.edu.cu\/desarrollo-local\/author\/carlos-leyva\/"},"rttpg_comment":0,"rttpg_category":"","rttpg_excerpt":"Promoci\u00f3n Sociocultural Virtual CENTRO UNIVERSITARIO MUNICIPAL SONGO-LA MAYA Este sitio tiene la finalidad de maneterte al tanto de todo lo que acontece en nuestra comunidad en cuanto a proyectos comunitarios, acciones extensionistas universitarias y otras acciones realizadas por el CUM Songo-La Maya en el Municipio y el las Comunidades Rurales con el objetivo de desarrollar&hellip;","_links":{"self":[{"href":"https:\/\/observatorios.uo.edu.cu\/desarrollo-local\/wp-json\/wp\/v2\/pages\/142","targetHints":{"allow":["GET"]}}],"collection":[{"href":"https:\/\/observatorios.uo.edu.cu\/desarrollo-local\/wp-json\/wp\/v2\/pages"}],"about":[{"href":"https:\/\/observatorios.uo.edu.cu\/desarrollo-local\/wp-json\/wp\/v2\/types\/page"}],"author":[{"embeddable":true,"href":"https:\/\/observatorios.uo.edu.cu\/desarrollo-local\/wp-json\/wp\/v2\/users\/156"}],"replies":[{"embeddable":true,"href":"https:\/\/observatorios.uo.edu.cu\/desarrollo-local\/wp-json\/wp\/v2\/comments?post=142"}],"version-history":[{"count":43,"href":"https:\/\/observatorios.uo.edu.cu\/desarrollo-local\/wp-json\/wp\/v2\/pages\/142\/revisions"}],"predecessor-version":[{"id":500,"href":"https:\/\/observatorios.uo.edu.cu\/desarrollo-local\/wp-json\/wp\/v2\/pages\/142\/revisions\/500"}],"wp:attachment":[{"href":"https:\/\/observatorios.uo.edu.cu\/desarrollo-local\/wp-json\/wp\/v2\/media?parent=142"}],"curies":[{"name":"wp","href":"https:\/\/api.w.org\/{rel}","templated":true}]}}