{"id":27,"date":"2024-05-02T13:46:07","date_gmt":"2024-05-02T17:46:07","guid":{"rendered":"https:\/\/observatorios.uo.edu.cu\/desarrollo-local\/?page_id=27"},"modified":"2024-05-03T18:42:38","modified_gmt":"2024-05-03T22:42:38","slug":"yerba-de-guinea","status":"publish","type":"page","link":"https:\/\/observatorios.uo.edu.cu\/desarrollo-local\/yerba-de-guinea\/","title":{"rendered":"Yerba de Guinea"},"content":{"rendered":"\t\t<div data-elementor-type=\"wp-page\" data-elementor-id=\"27\" class=\"elementor elementor-27\">\n\t\t\t\t<div class=\"elementor-element elementor-element-fd1aafb e-flex e-con-boxed e-con e-parent\" data-id=\"fd1aafb\" data-element_type=\"container\" data-e-type=\"container\">\n\t\t\t\t\t<div class=\"e-con-inner\">\n\t\t\t\t<div class=\"elementor-element elementor-element-3529b05 elementor-widget elementor-widget-heading\" data-id=\"3529b05\" data-element_type=\"widget\" data-e-type=\"widget\" data-widget_type=\"heading.default\">\n\t\t\t\t<div class=\"elementor-widget-container\">\n\t\t\t\t\t<h2 class=\"elementor-heading-title elementor-size-default\">Yerba de Guinea<\/h2>\t\t\t\t<\/div>\n\t\t\t\t<\/div>\n\t\t\t\t\t<\/div>\n\t\t\t\t<\/div>\n\t\t<div class=\"elementor-element elementor-element-0f947fe e-flex e-con-boxed e-con e-parent\" data-id=\"0f947fe\" data-element_type=\"container\" data-e-type=\"container\">\n\t\t\t\t\t<div class=\"e-con-inner\">\n\t\t\t\t<div class=\"elementor-element elementor-element-54bd762 elementor-widget elementor-widget-text-editor\" data-id=\"54bd762\" data-element_type=\"widget\" data-e-type=\"widget\" data-widget_type=\"text-editor.default\">\n\t\t\t\t<div class=\"elementor-widget-container\">\n\t\t\t\t\t\t\t\t\t<blockquote><p>Uno de los objetivos de nuestro Centro Universitario Municipal es desarrollar el proceso que, como parte del sistema de interacciones Universidad-Sociedad, tiene el prop\u00f3sito de promover la cultura en la comunidad intra y extrauniversitaria para interrelacionarlo con los dem\u00e1s procesos de contribuir al desarrollo sociocultural. Se le concede a esta un car\u00e1cter estrat\u00e9gico para la elevaci\u00f3n creciente de la calidad de vida de la comunidad universitaria en interacci\u00f3n con la universidad.<\/p><\/blockquote>\t\t\t\t\t\t\t\t<\/div>\n\t\t\t\t<\/div>\n\t\t\t\t\t<\/div>\n\t\t\t\t<\/div>\n\t\t<div class=\"elementor-element elementor-element-3b7ab6a e-flex e-con-boxed e-con e-parent\" data-id=\"3b7ab6a\" data-element_type=\"container\" data-e-type=\"container\">\n\t\t\t\t\t<div class=\"e-con-inner\">\n\t\t<div class=\"elementor-element elementor-element-26958db e-con-full e-flex e-con e-child\" data-id=\"26958db\" data-element_type=\"container\" data-e-type=\"container\">\n\t\t\t\t<div class=\"elementor-element elementor-element-3f71837 elementor-widget elementor-widget-heading\" data-id=\"3f71837\" data-element_type=\"widget\" data-e-type=\"widget\" data-widget_type=\"heading.default\">\n\t\t\t\t<div class=\"elementor-widget-container\">\n\t\t\t\t\t<h2 class=\"elementor-heading-title elementor-size-default\">Historia de la Comunidad<\/h2>\t\t\t\t<\/div>\n\t\t\t\t<\/div>\n\t\t\t\t<div class=\"elementor-element elementor-element-ff6dc04 elementor-widget elementor-widget-text-editor\" data-id=\"ff6dc04\" data-element_type=\"widget\" data-e-type=\"widget\" data-widget_type=\"text-editor.default\">\n\t\t\t\t<div class=\"elementor-widget-container\">\n\t\t\t\t\t\t\t\t\t<p><span style=\"color: #111111;font-family: 'Open Sans', sans-serif;font-size: 20px;text-align: justify\">El nombre de nuestra comunidad es Yerba de Guinea, conocida antiguamente como La Damajagua. Este nombre quedo en desuso por existir una amplia faja de esta gram\u00ednea que serv\u00eda de pasto a las arrias de mulos que era el trasporte utilizados por la no existencia de viales entre la ciudad de Guant\u00e1namo y Santiago de Cuba aprovechaban las posibilidades de alimentaci\u00f3n que garantizaba este pasto y desde entonces expresaban \u201cdescansarnos en \u00a0Yerba de Guinea\u201d. El poblado de Yerba de Guinea se fund\u00f3 en el a\u00f1o 1800.<\/span><\/p>\t\t\t\t\t\t\t\t<\/div>\n\t\t\t\t<\/div>\n\t\t\t\t<\/div>\n\t\t<div class=\"elementor-element elementor-element-2a39be6 e-con-full e-flex e-con e-child\" data-id=\"2a39be6\" data-element_type=\"container\" data-e-type=\"container\">\n\t\t\t\t<div class=\"elementor-element elementor-element-56fd90a elementor-arrows-position-inside elementor-pagination-position-outside elementor-widget elementor-widget-image-carousel\" data-id=\"56fd90a\" data-element_type=\"widget\" data-e-type=\"widget\" data-settings=\"{&quot;slides_to_show&quot;:&quot;1&quot;,&quot;navigation&quot;:&quot;both&quot;,&quot;autoplay&quot;:&quot;yes&quot;,&quot;pause_on_hover&quot;:&quot;yes&quot;,&quot;pause_on_interaction&quot;:&quot;yes&quot;,&quot;autoplay_speed&quot;:5000,&quot;infinite&quot;:&quot;yes&quot;,&quot;effect&quot;:&quot;slide&quot;,&quot;speed&quot;:500}\" data-widget_type=\"image-carousel.default\">\n\t\t\t\t<div class=\"elementor-widget-container\">\n\t\t\t\t\t\t\t<div class=\"elementor-image-carousel-wrapper swiper\" role=\"region\" aria-roledescription=\"carousel\" aria-label=\"Carrusel de im\u00e1genes\" dir=\"ltr\">\n\t\t\t<div class=\"elementor-image-carousel swiper-wrapper swiper-image-stretch\" aria-live=\"off\">\n\t\t\t\t\t\t\t\t<div class=\"swiper-slide\" role=\"group\" aria-roledescription=\"slide\" aria-label=\"1 de 2\"><figure class=\"swiper-slide-inner\"><img decoding=\"async\" class=\"swiper-slide-image\" src=\"https:\/\/observatorios.uo.edu.cu\/desarrollo-local\/wp-content\/uploads\/sites\/13\/2024\/05\/09af17ef-539c-4bc4-a35d-0e20467425c0-768x576.jpg\" alt=\"09af17ef-539c-4bc4-a35d-0e20467425c0\" \/><\/figure><\/div><div class=\"swiper-slide\" role=\"group\" aria-roledescription=\"slide\" aria-label=\"2 de 2\"><figure class=\"swiper-slide-inner\"><img decoding=\"async\" class=\"swiper-slide-image\" src=\"https:\/\/observatorios.uo.edu.cu\/desarrollo-local\/wp-content\/uploads\/sites\/13\/2024\/05\/25f3cff0-d341-459d-9d7d-b513dea2dbf4.jpg\" alt=\"25f3cff0-d341-459d-9d7d-b513dea2dbf4\" \/><\/figure><\/div>\t\t\t<\/div>\n\t\t\t\t\t\t\t\t\t\t\t\t<div class=\"elementor-swiper-button elementor-swiper-button-prev\" role=\"button\" tabindex=\"0\">\n\t\t\t\t\t\t<svg aria-hidden=\"true\" class=\"e-font-icon-svg e-eicon-chevron-left\" viewBox=\"0 0 1000 1000\" xmlns=\"http:\/\/www.w3.org\/2000\/svg\"><path d=\"M646 125C629 125 613 133 604 142L308 442C296 454 292 471 292 487 292 504 296 521 308 533L604 854C617 867 629 875 646 875 663 875 679 871 692 858 704 846 713 829 713 812 713 796 708 779 692 767L438 487 692 225C700 217 708 204 708 187 708 171 704 154 692 142 675 129 663 125 646 125Z\"><\/path><\/svg>\t\t\t\t\t<\/div>\n\t\t\t\t\t<div class=\"elementor-swiper-button elementor-swiper-button-next\" role=\"button\" tabindex=\"0\">\n\t\t\t\t\t\t<svg aria-hidden=\"true\" class=\"e-font-icon-svg e-eicon-chevron-right\" viewBox=\"0 0 1000 1000\" xmlns=\"http:\/\/www.w3.org\/2000\/svg\"><path d=\"M696 533C708 521 713 504 713 487 713 471 708 454 696 446L400 146C388 133 375 125 354 125 338 125 325 129 313 142 300 154 292 171 292 187 292 204 296 221 308 233L563 492 304 771C292 783 288 800 288 817 288 833 296 850 308 863 321 871 338 875 354 875 371 875 388 867 400 854L696 533Z\"><\/path><\/svg>\t\t\t\t\t<\/div>\n\t\t\t\t\n\t\t\t\t\t\t\t\t\t<div class=\"swiper-pagination\"><\/div>\n\t\t\t\t\t\t\t\t\t<\/div>\n\t\t\t\t\t\t<\/div>\n\t\t\t\t<\/div>\n\t\t\t\t<\/div>\n\t\t\t\t\t<\/div>\n\t\t\t\t<\/div>\n\t\t<div class=\"elementor-element elementor-element-d9b0dd4 e-flex e-con-boxed e-con e-parent\" data-id=\"d9b0dd4\" data-element_type=\"container\" data-e-type=\"container\">\n\t\t\t\t\t<div class=\"e-con-inner\">\n\t\t\t\t<div class=\"elementor-element elementor-element-158061b elementor-widget elementor-widget-spacer\" data-id=\"158061b\" data-element_type=\"widget\" data-e-type=\"widget\" data-widget_type=\"spacer.default\">\n\t\t\t\t<div class=\"elementor-widget-container\">\n\t\t\t\t\t\t\t<div class=\"elementor-spacer\">\n\t\t\t<div class=\"elementor-spacer-inner\"><\/div>\n\t\t<\/div>\n\t\t\t\t\t\t<\/div>\n\t\t\t\t<\/div>\n\t\t\t\t<div class=\"elementor-element elementor-element-db3cf0c elementor-widget elementor-widget-wp-widget-widget_tpg_post_grid\" data-id=\"db3cf0c\" data-element_type=\"widget\" data-e-type=\"widget\" data-widget_type=\"wp-widget-widget_tpg_post_grid.default\">\n\t\t\t\t<div class=\"elementor-widget-container\">\n\t\t\t\t\t<h5>Publicaciones Relacionadas con la Comunidad<\/h5><style type='text\/css' media='all'>#rt-tpg-container-193740669 .rt-holder .rt-woo-info .price{color:#0367bf;}body .rt-tpg-container .rt-tpg-isotope-buttons .selected,\n\t\t\t\t\t#rt-tpg-container-193740669 .layout12 .rt-holder:hover .rt-detail,\n\t\t\t\t\t#rt-tpg-container-193740669 .isotope8 .rt-holder:hover .rt-detail,\n\t\t\t\t\t#rt-tpg-container-193740669 .carousel8 .rt-holder:hover .rt-detail,\n\t\t\t\t\t#rt-tpg-container-193740669 .layout13 .rt-holder .overlay .post-info,\n\t\t\t\t\t#rt-tpg-container-193740669 .isotope9 .rt-holder .overlay .post-info,\n\t\t\t\t\t#rt-tpg-container-193740669.rt-tpg-container .layout4 .rt-holder .rt-detail,\n\t\t\t\t\t.rt-modal-193740669 .md-content,\n\t\t\t\t\t.rt-modal-193740669 .md-content > .rt-md-content-holder .rt-md-content,\n\t\t\t\t\t.rt-popup-wrap-193740669.rt-popup-wrap .rt-popup-navigation-wrap,\n\t\t\t\t\t#rt-tpg-container-193740669 .carousel9 .rt-holder .overlay .post-info{background-color:#0367bf;}#rt-tpg-container-193740669 .layout5 .rt-holder .overlay, #rt-tpg-container-193740669 .isotope2 .rt-holder .overlay, #rt-tpg-container-193740669 .carousel2 .rt-holder .overlay,#rt-tpg-container-193740669 .layout15 .rt-holder h3, #rt-tpg-container-193740669 .isotope11 .rt-holder h3, #rt-tpg-container-193740669 .carousel11 .rt-holder h3, #rt-tpg-container-193740669 .layout16 .rt-holder h3,\n\t\t\t\t\t#rt-tpg-container-193740669 .isotope12 .rt-holder h3, #rt-tpg-container-193740669 .carousel12 .rt-holder h3 {background-color:rgba(3,103,191,0.8);}#rt-tpg-container-193740669 .pagination-list li a:hover,\n\t\t\t\t\t#rt-tpg-container-193740669 .pagination li a:hover,\n\t\t\t\t\t#rt-tpg-container-193740669 .rt-tpg-isotope-buttons button:hover,\n\t\t\t\t\t#rt-tpg-container-193740669 .rt-holder .read-more a:hover,\n\t\t\t\t\t#rt-tpg-container-193740669 .rt-tpg-utility .rt-tpg-load-more button:hover,\n\t\t\t\t\t#rt-tpg-container-193740669.rt-tpg-container .swiper-pagination-bullet:hover,\n\t\t\t\t\t#rt-tpg-container-193740669.rt-tpg-container .swiper-navigation .slider-btn:hover,\n\t\t\t\t\t#rt-tpg-container-193740669 .wc1 .rt-holder .rt-img-holder .overlay .product-more ul li a:hover,\n\t\t\t\t\t#rt-tpg-container-193740669 .wc2 .rt-detail .rt-wc-add-to-cart:hover,\n\t\t\t\t\t#rt-tpg-container-193740669 .wc3 .rt-detail .rt-wc-add-to-cart:hover,\n\t\t\t\t\t#rt-tpg-container-193740669 .wc4 .rt-detail .rt-wc-add-to-cart:hover,\n\t\t\t\t\t#rt-tpg-container-193740669 .wc-carousel2 .rt-detail .rt-wc-add-to-cart:hover,\n\t\t\t\t\t#rt-tpg-container-193740669 .wc-isotope2 .rt-detail .rt-wc-add-to-cart:hover,\n\t\t\t\t\t#rt-tpg-container-193740669 .rt-layout-filter-container .rt-filter-wrap .rt-filter-item-wrap.rt-filter-dropdown-wrap .rt-filter-dropdown .rt-filter-dropdown-item:hover,\n\t\t\t\t\t#rt-tpg-container-193740669 .rt-layout-filter-container .rt-filter-wrap .rt-filter-item-wrap.rt-filter-dropdown-wrap .rt-filter-dropdown .rt-filter-dropdown-item.selected,\n\t\t\t\t\t#rt-tpg-container-193740669 .rt-filter-item-wrap.rt-filter-button-wrap span.rt-filter-button-item:hover,\n\t\t\t\t\t#rt-tpg-container-193740669 .rt-layout-filter-container .rt-filter-sub-tax.sub-button-group .rt-filter-button-item:hover,\n\t\t\t\t\t#rt-tpg-container-193740669.rt-tpg-container .rt-pagination-wrap .rt-page-numbers .paginationjs .paginationjs-pages ul li>a:hover,\n\t\t\t\t\t#rt-tpg-container-193740669.rt-tpg-container .rt-pagination-wrap .rt-cb-page-prev-next > *:hover,\n\t\t\t\t\t#rt-tpg-container-193740669.rt-tpg-container .rt-pagination-wrap  .rt-loadmore-btn:hover,\n\t\t\t\t\t#rt-tpg-container-193740669 .rt-read-more:hover,\n\t\t\t\t\t#rt-tpg-container-193740669 .rt-tpg-utility .rt-tpg-load-more button:hover{background-color:#1e73be;}#rt-tpg-container-193740669 .rt-filter-item-wrap.rt-filter-button-wrap span.rt-filter-button-item:hover,\n\t\t\t\t\t\t#rt-tpg-container-193740669 .rt-layout-filter-container .rt-filter-sub-tax.sub-button-group .rt-filter-button-item:hover,\n\t\t\t\t\t\t#rt-tpg-container-193740669.rt-tpg-container .swiper-navigation .slider-btn:hover,\n\t\t\t\t\t\t#rt-tpg-container-193740669.rt-tpg-container .rt-pagination-wrap .rt-page-numbers .paginationjs .paginationjs-pages ul li>a:hover{border-color:#1e73be;}#rt-tpg-container-193740669.rt-tpg-container .layout17 .rt-holder .overlay a.tpg-zoom:hover .fa{color:#1e73be;}#rt-tpg-container-193740669 .rt-filter-item-wrap.rt-filter-button-wrap span.rt-filter-button-item:hover,\n\t\t\t\t\t#rt-tpg-container-193740669 .rt-holder .read-more a:hover,\n\t\t\t\t\t#rt-tpg-container-193740669.rt-tpg-container .swiper-navigation .slider-btn:hover,\n\t\t\t\t\t#rt-tpg-container-193740669 .rt-layout-filter-container .rt-filter-sub-tax.sub-button-group .rt-filter-button-item:hover,\n\t\t\t\t\t#rt-tpg-container-193740669 .rt-layout-filter-container .rt-filter-wrap .rt-filter-item-wrap.rt-filter-dropdown-wrap .rt-filter-dropdown .rt-filter-dropdown-item:hover,\n\t\t\t\t\t#rt-tpg-container-193740669 .rt-layout-filter-container .rt-filter-wrap .rt-filter-item-wrap.rt-filter-dropdown-wrap .rt-filter-dropdown .rt-filter-dropdown-item.selected,\n\t\t\t\t\t#rt-tpg-container-193740669 .rt-layout-filter-container .rt-filter-wrap .rt-filter-item-wrap.rt-sort-order-action:hover,\n\t\t\t\t\t#rt-tpg-container-193740669.rt-tpg-container .rt-pagination-wrap .rt-page-numbers .paginationjs .paginationjs-pages ul li.active>a:hover,\n\t\t\t\t\t#rt-tpg-container-193740669 .rt-filter-item-wrap.rt-filter-button-wrap span.rt-filter-button-item.selected,\n\t\t\t\t\t#rt-tpg-container-193740669 .rt-layout-filter-container .rt-filter-wrap .rt-filter-item-wrap.rt-sort-order-action,\n\t\t\t\t\t#rt-tpg-container-193740669.rt-tpg-container .rt-pagination-wrap  .rt-loadmore-btn:hover,\n\t\t\t\t\t#rt-tpg-container-193740669 .rt-read-more:hover,\n\t\t\t\t\t#rt-tpg-container-193740669.rt-tpg-container .rt-pagination-wrap .rt-page-numbers .paginationjs .paginationjs-pages ul li.active>a{color:#ffffff;}#rt-tpg-container-193740669 .read-more a{border-radius:px;}#rt-tpg-container-193740669 .rt-img-holder img.rt-img-responsive,#rt-tpg-container-193740669 .rt-img-holder,\n\t\t\t\t\t#rt-tpg-container-193740669 .rt-post-overlay .post-img,\n\t\t\t\t\t#rt-tpg-container-193740669 .post-sm .post-img,\n\t\t\t\t\t#rt-tpg-container-193740669 .rt-post-grid .post-img,\n\t\t\t\t\t#rt-tpg-container-193740669 .post-img img {border-radius:px;}<\/style><div class='rt-container-fluid rt-tpg-container tpg-shortcode-main-wrapper  loading' id='rt-tpg-container-193740669'   data-layout='layout7' data-grid-style='even' data-desktop-col='3'  data-tab-col='2'  data-mobile-col='1' data-sc-id='443'><div id=\"bottom-script-loader\" class=\"bottom-script-loader\"><div class=\"rt-ball-clip-rotate\"><div><\/div><\/div><\/div><div data-title='Cargando...' class='rt-row rt-content-loader   layout7 tpg-even '><div class=\"rt-col-md-4 rt-col-sm-6 rt-col-xs-12 even-grid-item rt-grid-item\" data-id=\"41\"><div class=\"rt-holder\"><img fetchpriority=\"high\" decoding=\"async\" width=\"1170\" height=\"971\" src=\"https:\/\/observatorios.uo.edu.cu\/desarrollo-local\/wp-content\/uploads\/sites\/13\/2024\/05\/IMG_9212.png\" class=\"rt-img-responsive \" alt=\"\" \/><div class=\"overlay\"><h3 class=\"entry-title\"><a data-id=\"41\" class=\"\" href=\"https:\/\/observatorios.uo.edu.cu\/desarrollo-local\/2024\/04\/23\/impacto-del-resultado-investigativo-sobre-apicultura-en-el-consejo-popular-yerba-de-guinea\/\">Impacto del resultado investigativo sobre Apicultura en el Consejo Popular Yerba de Guinea<\/a><\/h3><div class='post-meta-user '><p><span class='meta-data'><span class='date-meta'><i class='far fa-calendar-alt '><\/i>23 de abril de 2024<\/span><span class='author'><i class='fa fa-user '><\/i><a href=\"https:\/\/observatorios.uo.edu.cu\/desarrollo-local\/author\/carlos-leyva\/\">carlos.leyva<\/a><\/span><span class='categories-links'><i class='fas fa-folder-open '><\/i><a class=\"extension-universitaria\" href=\"https:\/\/observatorios.uo.edu.cu\/desarrollo-local\/category\/extension-universitaria\/\" rel=\"tag\">Extensi\u00f3n Universitaria<\/a><span class=\"rt-separator\">,<\/span><a class=\"yerba-de-guinea\" href=\"https:\/\/observatorios.uo.edu.cu\/desarrollo-local\/category\/comunidades\/yerba-de-guinea\/\" rel=\"tag\">Yerba de Guinea<\/a><\/span><\/span><\/p><\/div><div class='post-meta '><span class='read-more'><a data-id='41' class='' href='https:\/\/observatorios.uo.edu.cu\/desarrollo-local\/2024\/04\/23\/impacto-del-resultado-investigativo-sobre-apicultura-en-el-consejo-popular-yerba-de-guinea\/'>Leer m\u00e1s<\/a><\/span><\/div><\/div><\/div><\/div><div class=\"rt-col-md-4 rt-col-sm-6 rt-col-xs-12 even-grid-item rt-grid-item\" data-id=\"43\"><div class=\"rt-holder\"><img decoding=\"async\" width=\"720\" height=\"540\" src=\"https:\/\/observatorios.uo.edu.cu\/desarrollo-local\/wp-content\/uploads\/sites\/13\/2024\/05\/IMG_9215.jpg\" class=\"rt-img-responsive \" alt=\"\" \/><div class=\"overlay\"><h3 class=\"entry-title\"><a data-id=\"43\" class=\"\" href=\"https:\/\/observatorios.uo.edu.cu\/desarrollo-local\/2024\/04\/16\/actividades-en-celebracion-de-la-semana-de-la-victoria\/\">Actividades en celebraci\u00f3n de la semana de la Victoria<\/a><\/h3><div class='post-meta-user '><p><span class='meta-data'><span class='date-meta'><i class='far fa-calendar-alt '><\/i>16 de abril de 2024<\/span><span class='author'><i class='fa fa-user '><\/i><a href=\"https:\/\/observatorios.uo.edu.cu\/desarrollo-local\/author\/carlos-leyva\/\">carlos.leyva<\/a><\/span><span class='categories-links'><i class='fas fa-folder-open '><\/i><a class=\"sociocultural\" href=\"https:\/\/observatorios.uo.edu.cu\/desarrollo-local\/category\/sociocultural\/\" rel=\"tag\">SocioCultural<\/a><span class=\"rt-separator\">,<\/span><a class=\"yerba-de-guinea\" href=\"https:\/\/observatorios.uo.edu.cu\/desarrollo-local\/category\/comunidades\/yerba-de-guinea\/\" rel=\"tag\">Yerba de Guinea<\/a><\/span><\/span><\/p><\/div><div class='post-meta '><span class='read-more'><a data-id='43' class='' href='https:\/\/observatorios.uo.edu.cu\/desarrollo-local\/2024\/04\/16\/actividades-en-celebracion-de-la-semana-de-la-victoria\/'>Leer m\u00e1s<\/a><\/span><\/div><\/div><\/div><\/div><div class=\"rt-col-md-4 rt-col-sm-6 rt-col-xs-12 even-grid-item rt-grid-item\" data-id=\"45\"><div class=\"rt-holder\"><img decoding=\"async\" width=\"1000\" height=\"750\" src=\"https:\/\/observatorios.uo.edu.cu\/desarrollo-local\/wp-content\/uploads\/sites\/13\/2024\/05\/IMG_9217.jpg\" class=\"rt-img-responsive \" alt=\"\" \/><div class=\"overlay\"><h3 class=\"entry-title\"><a data-id=\"45\" class=\"\" href=\"https:\/\/observatorios.uo.edu.cu\/desarrollo-local\/2024\/04\/03\/categorizacion-de-docentes-especialistas-en-actividades-deportivas-recreacion-y-cultura-fisica\/\">Categorizaci\u00f3n de docentes especialistas en actividades deportivas, recreaci\u00f3n y cultura f\u00edsica.<\/a><\/h3><div class='post-meta-user '><p><span class='meta-data'><span class='date-meta'><i class='far fa-calendar-alt '><\/i>3 de abril de 2024<\/span><span class='author'><i class='fa fa-user '><\/i><a href=\"https:\/\/observatorios.uo.edu.cu\/desarrollo-local\/author\/carlos-leyva\/\">carlos.leyva<\/a><\/span><span class='categories-links'><i class='fas fa-folder-open '><\/i><a class=\"sociocultural\" href=\"https:\/\/observatorios.uo.edu.cu\/desarrollo-local\/category\/sociocultural\/\" rel=\"tag\">SocioCultural<\/a><span class=\"rt-separator\">,<\/span><a class=\"yerba-de-guinea\" href=\"https:\/\/observatorios.uo.edu.cu\/desarrollo-local\/category\/comunidades\/yerba-de-guinea\/\" rel=\"tag\">Yerba de Guinea<\/a><\/span><\/span><\/p><\/div><div class='post-meta '><span class='read-more'><a data-id='45' class='' href='https:\/\/observatorios.uo.edu.cu\/desarrollo-local\/2024\/04\/03\/categorizacion-de-docentes-especialistas-en-actividades-deportivas-recreacion-y-cultura-fisica\/'>Leer m\u00e1s<\/a><\/span><\/div><\/div><\/div><\/div><\/div><\/div>\t\t\t\t<\/div>\n\t\t\t\t<\/div>\n\t\t\t\t\t<\/div>\n\t\t\t\t<\/div>\n\t\t\t\t<\/div>\n\t\t","protected":false},"excerpt":{"rendered":"<p>Yerba de Guinea Uno de los objetivos de nuestro Centro Universitario Municipal es desarrollar el proceso que, como parte del sistema de interacciones Universidad-Sociedad, tiene el prop\u00f3sito de promover la cultura en la comunidad intra y extrauniversitaria para interrelacionarlo con los dem\u00e1s procesos de contribuir al desarrollo sociocultural. Se le concede a esta un car\u00e1cter [&hellip;]<\/p>\n","protected":false},"author":156,"featured_media":0,"parent":0,"menu_order":0,"comment_status":"closed","ping_status":"closed","template":"","meta":{"site-sidebar-layout":"no-sidebar","site-content-layout":"","ast-site-content-layout":"full-width-container","site-content-style":"default","site-sidebar-style":"default","ast-global-header-display":"","ast-banner-title-visibility":"","ast-main-header-display":"","ast-hfb-above-header-display":"","ast-hfb-below-header-display":"","ast-hfb-mobile-header-display":"","site-post-title":"disabled","ast-breadcrumbs-content":"","ast-featured-img":"disabled","footer-sml-layout":"","ast-disable-related-posts":"","theme-transparent-header-meta":"","adv-header-id-meta":"","stick-header-meta":"","header-above-stick-meta":"","header-main-stick-meta":"","header-below-stick-meta":"","astra-migrate-meta-layouts":"default","ast-page-background-enabled":"default","ast-page-background-meta":{"desktop":{"background-color":"var(--ast-global-color-4)","background-image":"","background-repeat":"repeat","background-position":"center center","background-size":"auto","background-attachment":"scroll","background-type":"","background-media":"","overlay-type":"","overlay-color":"","overlay-opacity":"","overlay-gradient":""},"tablet":{"background-color":"","background-image":"","background-repeat":"repeat","background-position":"center center","background-size":"auto","background-attachment":"scroll","background-type":"","background-media":"","overlay-type":"","overlay-color":"","overlay-opacity":"","overlay-gradient":""},"mobile":{"background-color":"","background-image":"","background-repeat":"repeat","background-position":"center center","background-size":"auto","background-attachment":"scroll","background-type":"","background-media":"","overlay-type":"","overlay-color":"","overlay-opacity":"","overlay-gradient":""}},"ast-content-background-meta":{"desktop":{"background-color":"var(--ast-global-color-5)","background-image":"","background-repeat":"repeat","background-position":"center center","background-size":"auto","background-attachment":"scroll","background-type":"","background-media":"","overlay-type":"","overlay-color":"","overlay-opacity":"","overlay-gradient":""},"tablet":{"background-color":"var(--ast-global-color-5)","background-image":"","background-repeat":"repeat","background-position":"center center","background-size":"auto","background-attachment":"scroll","background-type":"","background-media":"","overlay-type":"","overlay-color":"","overlay-opacity":"","overlay-gradient":""},"mobile":{"background-color":"var(--ast-global-color-5)","background-image":"","background-repeat":"repeat","background-position":"center center","background-size":"auto","background-attachment":"scroll","background-type":"","background-media":"","overlay-type":"","overlay-color":"","overlay-opacity":"","overlay-gradient":""}},"footnotes":""},"class_list":["post-27","page","type-page","status-publish","hentry"],"rttpg_featured_image_url":null,"rttpg_author":{"display_name":"carlos.leyva","author_link":"https:\/\/observatorios.uo.edu.cu\/desarrollo-local\/author\/carlos-leyva\/"},"rttpg_comment":0,"rttpg_category":"","rttpg_excerpt":"Yerba de Guinea Uno de los objetivos de nuestro Centro Universitario Municipal es desarrollar el proceso que, como parte del sistema de interacciones Universidad-Sociedad, tiene el prop\u00f3sito de promover la cultura en la comunidad intra y extrauniversitaria para interrelacionarlo con los dem\u00e1s procesos de contribuir al desarrollo sociocultural. Se le concede a esta un car\u00e1cter&hellip;","_links":{"self":[{"href":"https:\/\/observatorios.uo.edu.cu\/desarrollo-local\/wp-json\/wp\/v2\/pages\/27","targetHints":{"allow":["GET"]}}],"collection":[{"href":"https:\/\/observatorios.uo.edu.cu\/desarrollo-local\/wp-json\/wp\/v2\/pages"}],"about":[{"href":"https:\/\/observatorios.uo.edu.cu\/desarrollo-local\/wp-json\/wp\/v2\/types\/page"}],"author":[{"embeddable":true,"href":"https:\/\/observatorios.uo.edu.cu\/desarrollo-local\/wp-json\/wp\/v2\/users\/156"}],"replies":[{"embeddable":true,"href":"https:\/\/observatorios.uo.edu.cu\/desarrollo-local\/wp-json\/wp\/v2\/comments?post=27"}],"version-history":[{"count":91,"href":"https:\/\/observatorios.uo.edu.cu\/desarrollo-local\/wp-json\/wp\/v2\/pages\/27\/revisions"}],"predecessor-version":[{"id":485,"href":"https:\/\/observatorios.uo.edu.cu\/desarrollo-local\/wp-json\/wp\/v2\/pages\/27\/revisions\/485"}],"wp:attachment":[{"href":"https:\/\/observatorios.uo.edu.cu\/desarrollo-local\/wp-json\/wp\/v2\/media?parent=27"}],"curies":[{"name":"wp","href":"https:\/\/api.w.org\/{rel}","templated":true}]}}