{"id":256,"date":"2017-02-16T15:59:58","date_gmt":"2017-02-16T15:59:58","guid":{"rendered":"http:\/\/observatorios.uo.edu.cu\/tecnologia\/?page_id=256"},"modified":"2019-04-03T19:14:18","modified_gmt":"2019-04-03T19:14:18","slug":"investigacion-1","status":"publish","type":"page","link":"https:\/\/observatorios.uo.edu.cu\/tecnologia\/investigacion-1\/","title":{"rendered":"Proyecto Armon\u00eda"},"content":{"rendered":"<div class=\"entry-content\">\n<p><strong>Nombre del Proyecto<\/strong>: Armon\u00eda: Las TIC y el desarrollo local desde la funci\u00f3n socioeducativa de la escuela.<\/p>\n<p><strong>Objetivo: <\/strong>Contribuir al fortalecimiento de la teor\u00eda y la pr\u00e1ctica del desarrollo local en el municipio II Frente desde la escuela y con el uso de las TIC como complemento a las pol\u00edticas municipales, que deriven en avances sostenibles de indicadores econ\u00f3mico- productivos, socio-culturales, pol\u00edticos- institucionales y ambientales en el \u00e1mbito local.<\/p>\n<ul>\n<li><strong>Jefe del Proyecto: <\/strong>(Dr. C: Gustavo Cervantes Montero)<\/li>\n<\/ul>\n<p><a href=\"https:\/\/blogs.uo.edu.cu\/armonia\/\" target=\"_blank\">Visitar blog del proyecto&#8230;<\/a><\/p>\n<\/div>\n","protected":false},"excerpt":{"rendered":"<p>Nombre del Proyecto: Armon\u00eda: Las TIC y el desarrollo local desde la funci\u00f3n socioeducativa de la escuela. Objetivo: Contribuir al fortalecimiento de la teor\u00eda y la pr\u00e1ctica del desarrollo local en el municipio II Frente desde la escuela y con el uso de las TIC como complemento a las pol\u00edticas municipales, que deriven en avances &#8230; <a class=\"read-more\" href=\"https:\/\/observatorios.uo.edu.cu\/tecnologia\/investigacion-1\/\">Leer m\u00e1s<\/a><\/p>\n","protected":false},"author":2,"featured_media":0,"parent":0,"menu_order":0,"comment_status":"closed","ping_status":"closed","template":"","meta":{"footnotes":""},"class_list":["post-256","page","type-page","status-publish","hentry"],"rttpg_featured_image_url":null,"rttpg_author":{"display_name":"tecnologia","author_link":"https:\/\/observatorios.uo.edu.cu\/tecnologia\/author\/tecnologia\/"},"rttpg_comment":0,"rttpg_category":null,"rttpg_excerpt":"Nombre del Proyecto: Armon\u00eda: Las TIC y el desarrollo local desde la funci\u00f3n socioeducativa de la escuela. Objetivo: Contribuir al fortalecimiento de la teor\u00eda y la pr\u00e1ctica del desarrollo local en el municipio II Frente desde la escuela y con el uso de las TIC como complemento a las pol\u00edticas municipales, que deriven en avances&hellip;","_links":{"self":[{"href":"https:\/\/observatorios.uo.edu.cu\/tecnologia\/wp-json\/wp\/v2\/pages\/256","targetHints":{"allow":["GET"]}}],"collection":[{"href":"https:\/\/observatorios.uo.edu.cu\/tecnologia\/wp-json\/wp\/v2\/pages"}],"about":[{"href":"https:\/\/observatorios.uo.edu.cu\/tecnologia\/wp-json\/wp\/v2\/types\/page"}],"author":[{"embeddable":true,"href":"https:\/\/observatorios.uo.edu.cu\/tecnologia\/wp-json\/wp\/v2\/users\/2"}],"replies":[{"embeddable":true,"href":"https:\/\/observatorios.uo.edu.cu\/tecnologia\/wp-json\/wp\/v2\/comments?post=256"}],"version-history":[{"count":3,"href":"https:\/\/observatorios.uo.edu.cu\/tecnologia\/wp-json\/wp\/v2\/pages\/256\/revisions"}],"predecessor-version":[{"id":309,"href":"https:\/\/observatorios.uo.edu.cu\/tecnologia\/wp-json\/wp\/v2\/pages\/256\/revisions\/309"}],"wp:attachment":[{"href":"https:\/\/observatorios.uo.edu.cu\/tecnologia\/wp-json\/wp\/v2\/media?parent=256"}],"curies":[{"name":"wp","href":"https:\/\/api.w.org\/{rel}","templated":true}]}}

Proyecto Armonía

<div class="entry-content">
<p><strong>Nombre del Proyecto</strong>: Armonía: Las TIC y el desarrollo local desde la función socioeducativa de la escuela.</p>
<p><strong>Objetivo: </strong>Contribuir al fortalecimiento de la teoría y la práctica del desarrollo local en el municipio II Frente desde la escuela y con el uso de las TIC como complemento a las políticas municipales, que deriven en avances sostenibles de indicadores económico- productivos, socio-culturales, políticos- institucionales y ambientales en el ámbito local.</p>
<ul>
<li><strong>Jefe del Proyecto: </strong>(Dr. C: Gustavo Cervantes Montero)</li>
</ul>
<p><a href="https://blogs.uo.edu.cu/armonia/" target="_blank">Visitar blog del proyecto&#8230;</a></p>
</div>

<p>Nombre del Proyecto: Armonía: Las TIC y el desarrollo local desde la función socioeducativa de la escuela. Objetivo: Contribuir al fortalecimiento de la teoría y la práctica del desarrollo local en el municipio II Frente desde la escuela y con el uso de las TIC como complemento a las políticas municipales, que deriven en avances &#8230; <a class="read-more" href="https://observatorios.uo.edu.cu/tecnologia/investigacion-1/">Leer más</a></p>

Nombre del Proyecto: Armonía: Las TIC y el desarrollo local desde la función socioeducativa de la escuela. Objetivo: Contribuir al fortalecimiento de la teoría y la práctica del desarrollo local en el municipio II Frente desde la escuela y con el uso de las TIC como complemento a las políticas municipales, que deriven en avances&hellip;
